51689 a prime number?
True
Is 18577357 a composite number?
False
Is 1328387 a composite number?
False
Is 313074967 prime?
False
Is 222825095 a composite number?
True
Is 266772953 a prime number?
True
Is 1561227 a composite number?
True
Is 14893633 prime?
False
Is 553851457 a prime number?
True
Is 241632871 composite?
True
Is 3636493 a prime number?
False
Is 90405039 a prime number?
False
Is 8526235 prime?
False
Is 1453637 prime?
False
Is 10421837 composite?
False
Is 3944833 a composite number?
True
Is 19707797 composite?
False
Is 6236851 composite?
True
Is 44791563 composite?
True
Is 8446223 composite?
False
Is 9264469 composite?
True
Is 444217 a composite number?
True
Is 125258215 composite?
True
Is 16345573 prime?
True
Is 1110753187 a composite number?
False
Is 10494487 composite?
False
Is 8312869 a prime number?
False
Is 939347 prime?
True
Is 3753213 composite?
True
Is 113570507 a prime number?
False
Is 247224293 a composite number?
False
Is 6888941 a composite number?
False
Is 4960829 a prime number?
True
Is 226204855 a composite number?
True
Is 9682019 composite?
False
Is 682837 composite?
True
Is 37276887 a prime number?
False
Is 2004323 composite?
True
Is 8634853 composite?
True
Is 2531031 a prime number?
False
Is 146889329 prime?
True
Is 174617111 a prime number?
True
Is 3843971 a composite number?
False
Is 147687587 a prime number?
False
Is 14276671 prime?
False
Is 10346059 a composite number?
True
Is 9000141 prime?
False
Is 49954573 a composite number?
False
Is 73892263 composite?
False
Is 191108539 prime?
True
Is 5637029 a prime number?
False
Is 43533159 prime?
False
Is 7496003 composite?
True
Is 24003391 a prime number?
True
Is 40689983 a prime number?
True
Is 2637407 a prime number?
False
Is 2613178981 a prime number?
False
Is 834861931 a composite number?
False
Is 4921438 a composite number?
True
Is 127564559 prime?
True
Is 474389 a prime number?
True
Is 2904526 prime?
False
Is 39440027 composite?
True
Is 588280477 composite?
True
Is 130706549 a composite number?
False
Is 13770043 composite?
True
Is 33287 a composite number?
False
Is 17159609 composite?
True
Is 2909219 a composite number?
False
Is 39171991 a composite number?
False
Is 447709 composite?
True
Is 29670479 composite?
False
Is 257107139 a prime number?
True
Is 1304071 prime?
True
Is 30146989 composite?
True
Is 11038979 a composite number?
True
Is 96167587 prime?
True
Is 2801035 a prime number?
False
Is 4492171 a composite number?
False
Is 62737193 a prime number?
True
Is 30950027 composite?
True
Is 877601 composite?
False
Is 5696413 a prime number?
False
Is 11377553 prime?
False
Is 36019 a composite number?
True
Is 166213951 prime?
True
Is 54224281 composite?
False
Is 17648861 composite?
False
Is 143060003 prime?
False
Is 4385207 prime?
False
Is 11494393 a composite number?
False
Is 33363607 prime?
False
Is 4271557 composite?
False
Is 7058341 a prime number?
True
Is 143077019 prime?
True
Is 237167579 a composite number?
True
Is 47434763 a composite number?
True
Is 767747 prime?
True
Is 2003261417 composite?
False
Is 1812313 prime?
False
Is 5939093 a prime number?
True
Is 181106063 a composite number?
False
Is 707501 a composite number?
False
Is 77752019 a prime number?
False
Is 1627511 a prime number?
False
Is 2269409 a composite number?
False
Is 103076737 composite?
False
Is 67070671 a composite number?
False
Is 7367903 a prime number?
False
Is 144935221 a composite number?
False
Is 11983957 prime?
True
Is 8173351 prime?
True
Is 66526583 composite?
False
Is 2959259 a composite number?
False
Is 2699591 a composite number?
False
Is 356731 a prime number?
True
Is 459500843 a composite number?
False
Is 31281893 a prime number?
False
Is 119869 a composite number?
False
Is 5916893 composite?
True
Is 2775941 composite?
True
Is 249670985 prime?
False
Is 548821057 composite?
False
Is 39251591 composite?
False
Is 11791469 prime?
False
Is 15064723 a composite number?
False
Is 18412169 a prime number?
True
Is 19712971 a composite number?
True
Is 2511073 prime?
False
Is 59370403 a composite number?
False
Is 11801917 a prime number?
False
Is 182136593 prime?
True
Is 525697 prime?
True
Is 74155859 composite?
False
Is 291867809 a prime number?
True
Is 610289929 a composite number?
True
Is 230937865 a composite number?
True
Is 53986223 composite?
True
Is 9162181 composite?
True
Is 3773135 a prime number?
False
Is 258603073 a prime number?
True
Is 7643017 composite?
False
Is 448368373 prime?
False
Is 6597077 a prime number?
True
Is 17287955 prime?
False
Is 210515001 prime?
False
Is 8188591 prime?
False
Is 43825037 a prime number?
True
Is 47472629 a prime number?
False
Is 896323 composite?
False
Is 147977 a composite number?
False
Is 7269239 composite?
False
Is 6753761 a prime number?
False
Is 2832699 a prime number?
False
Is 989004383 a composite number?
False
Is 137928319 composite?
True
Is 2859319 a prime number?
False
Is 48426527 prime?
True
Is 145261 a composite number?
True
Is 87094363 a prime number?
False
Is 2668443 a prime number?
False
Is 13091873 a composite number?
False
Is 4041983 composite?
True
Is 2888329 composite?
True
Is 14999123 composite?
False
Is 506459 a prime number?
True
Is 86577629 a prime number?
True
Is 13582703 composite?
True
Is 131570317 prime?
True
Is 252206219 a composite number?
False
Is 601400649 composite?
True
Is 468641 a composite number?
False
Is 98171 a composite number?
True
Is 3239267 a composite number?
False
Is 770377169 composite?
False
Is 9336463 a prime number?
False
Is 263409423 prime?
False
Is 339433 composite?
False
Is 82541 prime?
False
Is 19704151 composite?
False
Is 22939297 prime?
False
Is 158625947 a composite number?
True
Is 1807697 a composite number?
False
Is 3739039 prime?
True
Is 2137193 composite?
False
Is 3918983 a prime number?
True
Is 96763577 a prime number?
False
Is 807071 a prime number?
True
Is 31581181 composite?
False
Is 14279893 composite?
False
Is 35011765 prime?
False
Is 1444037 prime?
False
Is 18208283 prime?
False
Is 6264811 a composite number?
True
Is 266700349 prime?
True
Is 8095937 prime?
True
Is 5767711 a prime number?
False
Is 13961481 a composite number?
True
Is 2957671 composite?
True
Is 131252587 a composite number?
False
Is 132668711 prime?
False
Is 2441191 a prime number?
False
Is 2687761 prime?
True
Is 2357637 prime?
False
Is 2174647 a prime number?
True
Is 28263253 prime?
True
Is 1977809 prime?
True
Is 483967 a prime number?
False
Is 5836177 a prime number?
True
Is 631339 composite?
False
Is 114839891 a prime number?
True
Is 36513317 composite?
False
Is 90396037 a composite number?
True
Is 32562383 a composite number?
True
Is 1270609 a prime number?
True
Is 4595993 prime?
True
Is 132276037 a prime number?
True
Is 35551133 prime?
True
Is 228438965 composite?
True
Is 28423309 prime?
False
Is 220498633 composite?
False
Is 37338157 a composite number?
False
Is 41603453 composite?
False
Is 34004081 composite?
False
Is 14946287 a composite number?
True
Is 87573503 a composite number?
False
Is 126421 a prime number?
True
Is 1839169 prime?
True
Is 31896169 a prime number?
True
Is 70516781 a composite number?
True
Is 20701609 a composite number?
False
Is 258463929 prime?
False
Is 232021 composite?
True
Is 7781311 composite?
False
Is 620129821 a prime number?
True
Is 147374762 composite?
True
Is 1089794 a prime number?
False
Is 165412477 composite?
True
Is 78121321 prime?
True
Is 190775761 composite?
True
Is 2563261 prime?
True
Is 112699 composite?
True
Is 907063 composite?
False
Is 1173463 composite?
False
Is 26041427 composite?
False
Is 22840819 composite?
False
Is 509897 composite?
True
Is 24069719 composite?
False
Is 360803 prime?
True
Is 2782733 a prime number?
False
Is 5620178 a composite number?
True
Is 36676831 a prime number?
True
Is 187211591 prime?
False
Is 150324841 a prime number?
False
Is 5657251 prime?
True
Is 8836565 composite?
True
Is 137145811 a prime number?
False
Is 367519 composite?
False
Is 396376091 composite?
False
Is 800861 prime?
True
Is 264819133 a prime number?
True
Is 63529069 a composite number?
True
Is 35261051 composite?
True
Is 89558803 composite?
True
Is 28776833 a prime number?
False
Is 18479 a composite number?
True
Is 3779845 composite?
True
Is 2710307 prime?
False
Is 1